((2/8)/1). Suppose 7*h + 11*h = 1296. Suppose -2*r = -u - h. What is the remainder when r is divided by 17?
14
Let x = 24 + -22. Suppose -x*h - 8 + 46 = 0. What is the remainder when (-37)/((-6 + 5)/1) is divided by h?
18
Let i = 3 - -2. Suppose -i*u - 16 + 51 = 0. Suppose 3*k + 25 = 2*f, u*f = 2*f - 4*k + 120. What is the remainder when 56 is divided by f?
16
Suppose -14*n + 289 + 59 + 44 = 0. What is the remainder when 12879 is divided by n?
27
Suppose 6*q - 4*q = -10. What is the remainder when ((-120)/(-5) - 0)*(-2 - q) is divided by 31?
10
Suppose 2891 = 6*q + 845. What is the remainder when q is divided by 54?
17
Let l(g) = g**2 - 15*g + 61. Let d(v) = -22*v + 164. Let c be d(7). Suppose 2*x - 4*x - 3*u = -101, -2*u = 2. Calculate the remainder when x is divided by l(c).
8
Let j(d) = 991*d + 4983. Let a = 187 + 110. Calculate the remainder when a is divided by j(-5).
17
Let c = 285 + 154. Suppose 2*f + 174 = b + b, 0 = 5*b - 4*f - c. What is the remainder when b is divided by 16?
11
Suppose -151*m - 1358 = -5*j - 147*m, -m = -3*j + 812. Calculate the remainder when j is divided by 158.
112
Let z(n) = -3*n**2 + 34*n - 10. Let s(i) = -i**2 - 2*i + 1. Let j(t) = -3*s(t) - z(t). Calculate the remainder when j(6) is divided by 31.
24
Suppose -26*k + 23*k + 57939 = 0. Calculate the remainder when k is divided by 58.
57
Suppose 5*i - 2185 = 4*x, 5*i + 11*x - 12*x = 2200. Calculate the remainder when i is divided by 26.
25
Let b = -8 + 7. Let o = b - -71. Let v = 32 + -8. What is the remainder when o is divided by v?
22
Let q = 544 + -515. Calculate the remainder when 98 is divided by q.
11
Suppose -5*t - 204 = 7*t. Let u = 90 + t. Calculate the remainder when u is divided by (-16)/(-40) - (-146)/10.
13
Suppose 5*s + 3*l + 12 = 9*s, -5*s + 14 = -4*l. Suppose -s*y - 6*y + 384 = 0. Calculate the remainder when 125 is divided by y.
29
Suppose 0 = 74*g - 70*g - 4*l - 248, 0 = -g + 5*l + 54. Calculate the remainder when 242 is divided by g.
50
Let d = 30 - 18. Let t(g) = g**2 - 4*g - 11. Let r be t(7). Let m(f) = f**3 - 9*f**2 - 10*f + 21. What is the remainder when m(r) is divided by d?
9
Let z(u) = 26*u**2 - 204*u + 37. What is the remainder when 482 is divided by z(8)?
68
What is the remainder when -3565*(38/(-90) - 140/(-630)) is divided by 710?
3
Suppose 3*l = 95*c - 91*c + 271, -9*l + 4*c + 829 = 0. Calculate the remainder when l is divided by 8.
5
Let x(l) = -l**3 + 103*l**2 + 524*l + 3. Calculate the remainder when 414 is divided by x(-5).
82
Let a = 220291 + -220113. Suppose -2*s + 18 = 4*o - 72, 5*s + 5*o - 205 = 0. Calculate the remainder when a is divided by s.
30
Let p(r) = r**3 - 5*r**2 - 47*r + 33. Suppose -64 = -3*s - s. Calculate the remainder when p(10) is divided by s.
15
Calculate the remainder when 321/6 - ((-34)/4 + 6) is divided by 6/(-2)*200/(-30).
16
Let u(y) = 3*y**2 - 11*y - 7. Let h = 22 - 16. Let x be u(h). What is the remainder when 71 is divided by 291/15 - (-21)/x?
11
Suppose -9*g - 210 = 87. Let a = 51 + g. Suppose i - 8 = -s + a, 2*s - 5*i - 24 = 0. What is the remainder when 43 is divided by s?
21
What is the remainder when 44 is divided by (18/8)/((-82)/(-369) - 5/36)?
17
Let v = -6142 + 6944. What is the remainder when v is divided by 8?
2
Let h(u) = -539*u + 10696. What is the remainder when 934 is divided by h(19)?
24
Suppose -3681 = -5*s - 16*s - 930. Calculate the remainder when 313 is divided by s.
51
Let w(d) = -696*d - 419. Calculate the remainder when w(-1) is divided by 166.
111
Suppose 4*t = 4*d + 44, -d + 3*t - t - 6 = 0. Let o = d - -23. Let z(u) = 2*u + 3. What is the remainder when z(8) is divided by o?
5
Let p(i) = -2*i**2 + 20*i + 23. Let y be p(12). Let x = 27 + y. Suppose x*d + 0*m = -5*m + 23, 5*d + m - 46 = 0. What is the remainder when 27 is divided by d?
0
Suppose -324 = -9*o + 5*o. Let v(t) = t**3 - 3*t**2 - 3*t - 21. What is the remainder when o is divided by v(5)?
11
Let i = -24889 - -24894. What is the remainder when 95 is divided by i?
0
Suppose -480 = -81*s + 148*s - 79*s. Let g = 13 + 8. What is the remainder when s is divided by g?
19
Suppose -5*q + 12 = 2*u - 29, -6*q = -30. Let l be (-4 - 0)*15/10. What is the remainder when 40/3 - (-2)/l is divided by u?
5
Let z(a) = -2*a**2 - 78*a - 61. Let o be z(-35). Suppose -531 = -30*c + o. Let p = 52 - 10. What is the remainder when p is divided by c?
17
Suppose 3*j + 3*n - 1 = 7*n, j + 5 = -4*n. Let c(d) be the second derivative of -29*d**3/6 + d**2 + 56*d. What is the remainder when 123 is divided by c(j)?
30
Suppose -17*r = -567 - 1048. Let l(w) = 9*w - 103. Calculate the remainder when r is divided by l(13).
11
Suppose -508*x + 825*x - 35187 = 0. Calculate the remainder when 391 is divided by x.
58
Let r = 112 + -56. Let k(a) = 0*a**3 + 15*a**2 + 231 + 2*a**3 + 5*a**2 - 190 - 21*a. What is the remainder when r is divided by k(-11)?
26
Suppose 0 = -h + f + 58, -299*f = -2*h - 304*f + 158. Suppose -m = -3*a + 69, -4*m = -4*a - 3*m + 91. Calculate the remainder when h is divided by a.
20
Let j be (6/4)/(((-38)/(-24))/19). Suppose j*f - 806 = 5*f. Calculate the remainder when f is divided by 24.
14
Suppose -3*a + 2*h - 3*h + 286 = 0, h = -5*a + 478. Suppose -8*z - a = -9*z. What is the remainder when z is divided by 26?
18
Let h = -5217 - -6192. Calculate the remainder when h is divided by 35.
30
Let p = -11 - -14. Let n(x) = 15*x**2 - x**p + 19*x - 49 + 15 + 4. Calculate the remainder when n(16) is divided by 5.
3
Let x = 23 - 7. Let y(p) = -2*p - 8. Let n(f) = -3*f - 12. Let t(g) = -5*n(g) + 7*y(g). Calculate the remainder when 32 is divided by t(x).
12
Suppose z + 11 - 50 = 0. Let d = -443520 - -443543. Calculate the remainder when z is divided by d.
16
Calculate the remainder when 909 is divided by ((-72)/((-6)/3) - 6) + 1 + -5.
25
Let o(m) = 6*m - 50. Let t(x) = -x**2 - 11*x - 12. Let k be t(-3). Calculate the remainder when o(k) is divided by 6.
4
Let u be (20 - 29)*(-116)/18. Let i = u + -54. Calculate the remainder when 58 is divided by i.
2
Let b = -3391 - -3592. What is the remainder when b is divided by 27?
12
Suppose -15*q - 9620 = 2395. Let a = q - -814. Calculate the remainder when 134 is divided by a.
4
Suppose 3*b + 3*t + 6 = 0, -5*t = -5*b - 0*t + 30. Suppose 0 = q - 4, 4*q - 57 - 45 = -b*k. What is the remainder when k is divided by 10?
3
Suppose -8 = -20*g + 852. Let v(j) = -j + 2. Let a be v(0). Let s(o) = 2*o**2 + 3*o - 3. Calculate the remainder when g is divided by s(a).
10
Let t be 6/(-4)*(-9 + (-186)/(-18)). What is the remainder when -2*(-138)/(-12)*t is divided by 12?
10
Let q(b) = b**2 - 9*b - 7. Let k = 21 + -11. Let l be q(k). Let u = l + 9. Calculate the remainder when 45 is divided by u.
9
Let o be 8/40 + (-2)/10 - -67. Let i = -55 + o. Suppose 2*n - 2*u - 9 = u, -3*u = 4*n - 9. Calculate the remainder when i is divided by n.
0
Suppose -35*s + 40*s = 45. What is the remainder when -8 - s/(81/(-828)) is divided by 32?
20
What is the remainder when (10/(-4) - -3)*88 is divided by 156/36*6/2?
5
Let z = 47 - 37. Suppose 0 = -2*g + z - 12. What is the remainder when 4 is divided by 6/(2/g) + 6?
1
Let v(w) = -w**2 - 16*w - 86. Let q be v(-16). Let x = 228 + q. Calculate the remainder when x is divided by 36.
34
Let w = 757 + -749. Let b(t) = -26*t + 259. Calculate the remainder when 244 is divided by b(w).
40
Suppose 39 = -5*z - 166. Let i = z - -110. Calculate the remainder when i is divided by 7.
6
Let z(b) = -12*b - 69. Suppose 6*p - 80 = 14*p. What is the remainder when 198 is divided by z(p)?
45
Suppose -5*j = -6*j. Let g = 24 + j. Suppose -3*i = -8*s + 3*s - 215, 5*i - 4*s = 354. What is the remainder when i is divided by g?
22
Let m = -7447 - -8651. Calculate the remainder when m is divided by 86.
0
Let d be (132 - -1) + (2 - 1). What is the remainder when (-2)/5 - d/(-10) is divided by (-2165 + 2164)/((4/(-14))/(2 - 0))?
6
Let v be -5 - 2/(6/108*-4). Suppose -21*l + 26*l + 25 = 0, 40 = r - v*l. Calculate the remainder when 239 is divided by r.
19
Let y(w) = 207*w + 2605. Calculate the remainder when y(47) is divided by 48.
46
Let c = -4548 - -4685. What is the remainder when 698 is divided by c?
13
Calculate the remainder when 414 is divided by -7 + (-264)/(-40) - ((-188)/20 - -1).
6
Suppose -56*u + 51*